5. Is 3*1 - (10 + m) a composite number?
False
Is 304 + (-4 - (1 - 4)) a composite number?
True
Suppose -3*f + m = -166, -2*f - f = -5*m - 170. Let u = 134 - f. Is u a prime number?
True
Let o be ((-312)/(-14))/(10/105). Is 1/(-2) + o/12 a composite number?
False
Suppose 3*l = 4*l - 8. Suppose -5*x = -3*x + l. Is (0 + -6)*x/8 prime?
True
Suppose 7*j = 2*j + 2*h + 11657, -5 = 5*h. Is (2/(-6))/((-7)/j) prime?
False
Suppose 7*z = 2*z, -4*z = -4*y + 7724. Is y a prime number?
True
Is 60/6*137/2 composite?
True
Let r = 27 - -114. Is r prime?
False
Suppose 20063 - 57730 = -7*b. Is b composite?
False
Let y be -4 + 3 + 5/1. Suppose -y*p + 5 = -3*p. Suppose -p*l = 20, 5*x + 4*l + 0*l = 79. Is x a prime number?
True
Let f = 36 + 3371. Is f a composite number?
False
Let d be (-16 + 1)*30/9. Let u = 5 + -24. Let r = u - d. Is r a composite number?
False
Is -957*((-2)/6 + 0) composite?
True
Suppose 5*o - 1685 = -5*s, -4*o - 307 + 1655 = 2*s. Is o composite?
False
Suppose -1113 = -7*j + 308. Is j composite?
True
Let t = 185 - 82. Suppose -94 = -y + 5*y + 2*n, -5*n = -3*y - t. Is (y/(-3))/((-4)/(-66)) a composite number?
True
Is (0 + -1 + 0)*-131 composite?
False
Suppose -1 = 2*j - 5*a, 0*a = j + a + 4. Let u(v) = -27*v - 2. Is u(j) prime?
True
Suppose 4*f - 26 = 2*y - 0*y, f - 20 = 5*y. Suppose 3*q - 164 = -4*o + 147, -f*q = o - 82. Is o a composite number?
True
Is (-18525)/(-35) + 2/(-7) a composite number?
True
Let h = -327 + 716. Is h a prime number?
True
Suppose 0 = 3*m - m - 1102. Suppose -381 - m = -4*l. Is l prime?
True
Suppose 2*l - 234 = -28. Is l a composite number?
False
Suppose x + 10 - 2 = 0. Let p(k) = -k**3 - 8*k**2 + 11. Is p(x) composite?
False
Let b be (-4)/18 - 2260/36. Let r = b - -39. Is ((-12)/(-16))/((-2)/r) composite?
True
Suppose 4*b + 0*b = 2*a + 8, -4*a - 4*b = -20. Is 70/a - (5 + -1) composite?
False
Let b be (-6)/9*15/(-10). Is (-1239)/3*(-1)/b a prime number?
False
Suppose -5*m + 479 = -536. Is m a prime number?
False
Let w = 384 - 93. Is w composite?
True
Let t(k) = k + 1. Let a(o) = -546*o - 5. Let b(v) = a(v) + 3*t(v). Is b(-1) a prime number?
True
Let r = -12 + 35. Is r a prime number?
True
Suppose -4*f = -1544 - 428. Is f a composite number?
True
Let r be 1/(-1)*(-2 - -1). Is (0 + r)*(2 + 7) a prime number?
False
Let z = -3712 + 7499. Is z a composite number?
True
Suppose y - 596 = -3*y. Is y a composite number?
False
Let z = 275 - -122. Is z composite?
False
Suppose 524 + 2845 = -3*d - 5*v, -d = 2*v + 1124. Is 12/18 - d/6 a composite number?
True
Let f = 5 - 5. Suppose f = b + 3*b - 8. Is (-3)/(-3) + b + 40 a composite number?
False
Let u(v) = 1562*v**2 + v. Is u(-1) a composite number?
True
Let u = -10 + 60. Let t = 64 - 89. Let z = u + t. Is z composite?
True
Let o be (-986)/4*(0 - -2). Let k = 938 + o. Is k prime?
False
Let q(s) = 2*s - 1. Let f be q(4). Let g(p) = 22*p - 5. Is g(f) composite?
False
Suppose 7*f = 9*f - 4106. Is f a composite number?
False
Suppose -3*y - 2*s = -547, -94 - 457 = -3*y - s. Is y prime?
False
Suppose -3*c = -5*k - 0*k + 2230, -2*k + 871 = 3*c. Suppose 222 = 2*q - 4*z, 0 = 4*q + 5*z + 12 - k. Is q a composite number?
False
Let d = 1295 + -888. Is d a composite number?
True
Let z(w) = -w**3 + 9*w**2 + 2*w - 9. Let l be (-14)/(-5)*(-30)/(-12). Is z(l) a composite number?
False
Suppose -4*h - 1270 = -5*y + h, -264 = -y - h. Is y a composite number?
True
Suppose s = -3*s. Suppose m - 68 - 81 = s. Is m a prime number?
True
Let k = -345 - -488. Is k a prime number?
False
Suppose 4*c - 27 = -w, -1 = c + 2*w + 1. Suppose 3*u - c*u = -1085. Is u a prime number?
False
Let l(n) be the first derivative of 191*n**3/3 + 3. Is l(1) a prime number?
True
Let w(j) = -1864*j - 9. Is w(-2) a composite number?
False
Let a be 7948/(-20) + 6/(-10). Let j = 652 + a. Is j a composite number?
True
Suppose 6179 = 5*k + 1679. Suppose -3*w = 9, 3*n + 0*w = w + k. Is n prime?
False
Let f(y) = -y**3 + 9*y**2 - 17*y + 4 + 17*y. Let i be f(9). Is 3/i - 338/(-8) a prime number?
True
Suppose -2*j - 277 = -j. Let q = 516 + j. Is q prime?
True
Suppose 2*q + 4*l = 1242, 5*q + 5*l - 2444 = 686. Is q a prime number?
True
Let f(p) = -298*p**3 - p. Is f(-1) prime?
False
Is (2/(-5))/(10/(-25775)) prime?
True
Is 2/13 - (4 + (-27084)/52) a composite number?
True
Let a(o) be the third derivative of -o**4/24 + o**3 + o**2. Is a(-8) composite?
True
Suppose 6*j - 2*j - 12 = 4*t, 3*t - 4*j + 14 = 0. Suppose -t = 3*q - 8. Suppose q*s - 14 = -3*v, 5*v + 0*s - s - 6 = 0. Is v composite?
False
Let r(i) = 55*i - 8. Let p be r(4). Suppose -6*f + 10*f = p. Is f composite?
False
Suppose 0*b - 4*b + 20 = 0. Suppose -255 = -4*i + b. Is i a prime number?
False
Let i(a) = 5*a - 5. Let k be i(10). Suppose -3*r = -6*r + k. Is r composite?
True
Let x(o) = o**3 - 10*o**2 - 44*o + 14. Is x(19) prime?
False
Let t(c) = -c. Let g be t(-1). Let u be -5*1*(g - 2). Suppose -u*j - 2*k = 75 - 362, -4*k = 16. Is j composite?
False
Let u(b) = b**3 + 5*b**2 + b + 2. Let j be u(-5). Let r = j - -10. Let y(p) = p**2 - 5*p + 7. Is y(r) a prime number?
False
Let p = 243 - -208. Is p composite?
True
Suppose 0 = -5*t - f - 2*f + 12, -4*t = -5*f - 17. Is (-1422)/(-6 + 3) - t a composite number?
True
Let r = 6 + -11. Let d(q) = -q**2 - 12*q + 2. Is d(r) composite?
False
Suppose 4*d = -4*w + 184, 2*w + 3*d - 85 - 3 = 0. Let l = w + 41. Is l prime?
False
Let k(d) = 5*d**2 - 2*d + 1. Let m be k(1). Is 1/m - 738/(-24) composite?
False
Let b = 6 + -10. Let z(a) = 2*a**2 + 3*a - 1. Is z(b) prime?
True
Let j(t) = -t + 4. Let c be j(0). Let f(p) = -p**2 + 0*p**2 - 5 - c + 8*p. Is f(6) a composite number?
False
Let i be (-1)/((-1)/14) - 3. Let j = 86 + i. Is j a prime number?
True
Let d(i) be the third derivative of 3/4*i**5 + 2*i**2 + 0*i**4 + 1/6*i**3 + 0*i + 0. Is d(-1) a prime number?
False
Let n = 6 - 6. Suppose n = -2*h - 2*h + 60. Is h prime?
False
Let m(w) = -3*w**2 + 8*w - 4. Let j(b) = -b**3 - 2*b**2 + b + 4. Let y be j(-3). Let t be m(y). Let c = -109 - t. Is c a composite number?
True
Is (-1 + 166)*13/39 a composite number?
True
Suppose 5*c + 9 = -51. Suppose -18 = -2*b - 4*q, -2*b = 2*b - 2*q - 6. Is b/c - 447/(-12) composite?
False
Let w be 9/(-3)*730/3. Let o = w + 1061. Is o a prime number?
True
Suppose 3*q - r - 186 = 0, -2*q + 3*r + r = -124. Let u = q - 26. Let g = u + 3. Is g a composite number?
True
Let h be 0 - 1 - (-3 + -3). Suppose t + 3*f - 58 = f, -f = h. Suppose z + 5*g = 0, -5*z - 8 = -5*g - t. Is z a composite number?
True
Suppose 47 = r - 0*r. Is r composite?
False
Let i(q) = q - 1. Let j(s) = 3*s - 10. Let a(d) = 10*i(d) - 2*j(d). Is a(7) a composite number?
True
Let y = 4 + -4. Suppose y*s - 368 = -s. Suppose -5*t = 93 - s. Is t a composite number?
True
Is 4/(-12)*109*-3 prime?
True
Let n(k) = k**2 + 5*k - 13. Is n(11) prime?
True
Let t = 96 - 7. Is t composite?
False
Let q(i) = 6*i**2 - 3*i + 1. Let c be q(2). Let o(s) = -s + 8. Let f be o(0). Let t = c - f. Is t prime?
True
Suppose 0*v - 4 = -2*v. Suppose 0 = v*x - 3 - 5. Suppose -4 = x*i - 56. Is i a prime number?
True
Let i(l) be the first derivative of -l**4/4 + 4*l**3/3 + l**2/2 + 2*l + 3. Is i(4) a composite number?
True
Let t = -107 + 117. Is t composite?
True
Let m be ((-8)/(-12))/(4/438). Is -3 - (3 - (-2 + m)) a composite number?
True
Suppose -5*c = 5*j + 15, -10 + 4 = -3*j + 2*c. Let v(l) = l + 83. Is v(j) composite?
False
Let s = 4 + 0. Let z(j) = -j + 5. Let v be z(s). Is 10 - 2/(v + -3) a composite number?
False
Suppose 3*r = 7*r - 8. Suppose 2*o + 4 = 0, 0 = -3*y - o + r*o + 80. Is y a prime number?
False
Let m(i) = -i**2 - 2*i. Let x be m(-6). Let l = 9 - x. Is l prime?
False
Suppose 22 = 3*t - 4*o, 8 + 6 = 5*t - o. Let p(i) = 8*i**t + 28*i**2 + 17*i**2. Is p(1) a prime number?
True
Is 4*838/8*1 a composite number?
False
Suppose 0 = -2*p + p - 2*s + 392, -p + 393 = s. Is p composite?
True
Suppose -4*v + 8 = 0, v + 94 = 5*n + 11. Suppose 0 = 3*k - 0*k - 3*h + 21, -h = 2*k + n. Is (154/(-4))/(4/k) prime?
False
Let k(w) = w**2 + 7*w + 1. Let m be k(-7). Is 69 + (-3 + m - 0) prime?
True
Suppose -3*a + 0*a = 0. Suppose -5*j + 9 + 1 = a. Suppose 6 = j*c, -2*i - 18 = -7*i + 4*c. Is i prime?
False
Let c be -7 - (-1 + 1) - 0. Let j(l) = 3*l**2 + 6 + 8 + l - 5. Is j(c) a composite number?
Fa